{"id":1413,"date":"2025-03-13T02:38:37","date_gmt":"2025-03-13T02:38:37","guid":{"rendered":"https:\/\/institutososcaatinga.com.br\/2025\/?page_id=1413"},"modified":"2025-10-13T15:23:10","modified_gmt":"2025-10-13T15:23:10","slug":"historia","status":"publish","type":"page","link":"https:\/\/institutososcaatinga.com.br\/2025\/historia\/","title":{"rendered":"Hist\u00f3ria"},"content":{"rendered":"\t\t<div data-elementor-type=\"wp-page\" data-elementor-id=\"1413\" class=\"elementor elementor-1413\" data-elementor-post-type=\"page\">\n\t\t\t\t\t\t<section class=\"elementor-section elementor-top-section elementor-element elementor-element-401f1f6 elementor-section-height-min-height elementor-section-boxed elementor-section-height-default elementor-section-items-middle\" data-id=\"401f1f6\" data-element_type=\"section\" data-e-type=\"section\" data-settings=\"{&quot;background_background&quot;:&quot;classic&quot;}\">\n\t\t\t\t\t\t\t<div class=\"elementor-background-overlay\"><\/div>\n\t\t\t\t\t\t\t<div class=\"elementor-container elementor-column-gap-default\">\n\t\t\t\t\t<div class=\"elementor-column elementor-col-100 elementor-top-column elementor-element elementor-element-8e7a948\" data-id=\"8e7a948\" data-element_type=\"column\" data-e-type=\"column\">\n\t\t\t<div class=\"elementor-widget-wrap elementor-element-populated\">\n\t\t\t\t\t\t<div class=\"elementor-element elementor-element-6ca3534 elementor-invisible elementor-widget elementor-widget-heading\" data-id=\"6ca3534\" data-element_type=\"widget\" data-e-type=\"widget\" data-settings=\"{&quot;_animation&quot;:&quot;fadeInDown&quot;}\" data-widget_type=\"heading.default\">\n\t\t\t\t<div class=\"elementor-widget-container\">\n\t\t\t\t\t<h2 class=\"elementor-heading-title elementor-size-default\">Hist\u00f3ria<\/h2>\t\t\t\t<\/div>\n\t\t\t\t<\/div>\n\t\t\t\t<div class=\"elementor-element elementor-element-6924a51 elementor-invisible elementor-widget elementor-widget-text-editor\" data-id=\"6924a51\" data-element_type=\"widget\" data-e-type=\"widget\" data-settings=\"{&quot;_animation&quot;:&quot;fadeInUp&quot;}\" data-widget_type=\"text-editor.default\">\n\t\t\t\t<div class=\"elementor-widget-container\">\n\t\t\t\t\t\t\t\t\t<p>Descubra como atuamos para proteger a Caatinga e promover a sustentabilidade.<\/p>\t\t\t\t\t\t\t\t<\/div>\n\t\t\t\t<\/div>\n\t\t\t\t\t<\/div>\n\t\t<\/div>\n\t\t\t\t\t<\/div>\n\t\t<\/section>\n\t\t\t\t<section class=\"elementor-section elementor-top-section elementor-element elementor-element-2893a43 elementor-section-boxed elementor-section-height-default elementor-section-height-default\" data-id=\"2893a43\" data-element_type=\"section\" data-e-type=\"section\">\n\t\t\t\t\t\t<div class=\"elementor-container elementor-column-gap-default\">\n\t\t\t\t\t<div class=\"elementor-column elementor-col-100 elementor-top-column elementor-element elementor-element-ed88aaf\" data-id=\"ed88aaf\" data-element_type=\"column\" data-e-type=\"column\">\n\t\t\t<div class=\"elementor-widget-wrap elementor-element-populated\">\n\t\t\t\t\t\t<section class=\"elementor-section elementor-inner-section elementor-element elementor-element-9a273af elementor-section-boxed elementor-section-height-default elementor-section-height-default\" data-id=\"9a273af\" data-element_type=\"section\" data-e-type=\"section\">\n\t\t\t\t\t\t<div class=\"elementor-container elementor-column-gap-default\">\n\t\t\t\t\t<div class=\"elementor-column elementor-col-50 elementor-inner-column elementor-element elementor-element-d28e112\" data-id=\"d28e112\" data-element_type=\"column\" data-e-type=\"column\">\n\t\t\t<div class=\"elementor-widget-wrap elementor-element-populated\">\n\t\t\t\t\t\t<div class=\"elementor-element elementor-element-cc69f70 elementor-widget-tablet__width-inherit elementor-widget elementor-widget-image\" data-id=\"cc69f70\" data-element_type=\"widget\" data-e-type=\"widget\" data-widget_type=\"image.default\">\n\t\t\t\t<div class=\"elementor-widget-container\">\n\t\t\t\t\t\t\t\t\t\t\t\t\t\t\t<img fetchpriority=\"high\" decoding=\"async\" width=\"430\" height=\"300\" src=\"https:\/\/institutososcaatinga.com.br\/2025\/wp-content\/uploads\/2025\/03\/Design-sem-nome-1.png\" class=\"attachment-large size-large wp-image-1429\" alt=\"\" srcset=\"https:\/\/institutososcaatinga.com.br\/2025\/wp-content\/uploads\/2025\/03\/Design-sem-nome-1.png 430w, https:\/\/institutososcaatinga.com.br\/2025\/wp-content\/uploads\/2025\/03\/Design-sem-nome-1-300x209.png 300w\" sizes=\"(max-width: 430px) 100vw, 430px\" \/>\t\t\t\t\t\t\t\t\t\t\t\t\t\t\t<\/div>\n\t\t\t\t<\/div>\n\t\t\t\t\t<\/div>\n\t\t<\/div>\n\t\t\t\t<div class=\"elementor-column elementor-col-50 elementor-inner-column elementor-element elementor-element-ff7a41c\" data-id=\"ff7a41c\" data-element_type=\"column\" data-e-type=\"column\">\n\t\t\t<div class=\"elementor-widget-wrap elementor-element-populated\">\n\t\t\t\t\t\t<div class=\"elementor-element elementor-element-0acfe87 elementor-widget elementor-widget-heading\" data-id=\"0acfe87\" data-element_type=\"widget\" data-e-type=\"widget\" data-widget_type=\"heading.default\">\n\t\t\t\t<div class=\"elementor-widget-container\">\n\t\t\t\t\t<h2 class=\"elementor-heading-title elementor-size-default\">Nossa Hist\u00f3ria<\/h2>\t\t\t\t<\/div>\n\t\t\t\t<\/div>\n\t\t\t\t<div class=\"elementor-element elementor-element-08a81bf elementor-widget elementor-widget-heading\" data-id=\"08a81bf\" data-element_type=\"widget\" data-e-type=\"widget\" data-widget_type=\"heading.default\">\n\t\t\t\t<div class=\"elementor-widget-container\">\n\t\t\t\t\t<h2 class=\"elementor-heading-title elementor-size-default\">Por que voc\u00ea vai nos amar<\/h2>\t\t\t\t<\/div>\n\t\t\t\t<\/div>\n\t\t\t\t<div class=\"elementor-element elementor-element-2510504 elementor-widget elementor-widget-text-editor\" data-id=\"2510504\" data-element_type=\"widget\" data-e-type=\"widget\" data-widget_type=\"text-editor.default\">\n\t\t\t\t<div class=\"elementor-widget-container\">\n\t\t\t\t\t\t\t\t\t<p>O <strong data-start=\"112\" data-end=\"138\">Instituto SOS Caatinga<\/strong> nasceu do sonho de <strong>Marcos Ant\u00f4nio Bezerra Ara\u00fajo<\/strong>, que, ao se mudar para o sert\u00e3o de Alagoas, percebeu o enorme potencial de crian\u00e7as e jovens da regi\u00e3o, muitas vezes sem oportunidades para desenvolver seus talentos. Movido pelo desejo de transforma\u00e7\u00e3o social, ele iniciou um projeto simples, mas impactante: uma escolinha de futebol. O sucesso foi imediato, contando com o apoio do Esporte Clube Vit\u00f3ria e atraindo centenas de crian\u00e7as de diversos munic\u00edpios.<\/p>\t\t\t\t\t\t\t\t<\/div>\n\t\t\t\t<\/div>\n\t\t\t\t\t<\/div>\n\t\t<\/div>\n\t\t\t\t\t<\/div>\n\t\t<\/section>\n\t\t\t\t<div class=\"elementor-element elementor-element-a1e7b68 elementor-widget elementor-widget-text-editor\" data-id=\"a1e7b68\" data-element_type=\"widget\" data-e-type=\"widget\" data-widget_type=\"text-editor.default\">\n\t\t\t\t<div class=\"elementor-widget-container\">\n\t\t\t\t\t\t\t\t\t<p data-start=\"602\" data-end=\"1081\">Com o crescimento do projeto, ficou evidente que o impacto poderia ser ainda maior. Novas iniciativas surgiram, como a inclus\u00e3o de aulas de karat\u00ea para crian\u00e7as com dificuldades motoras, em parceria com profissionais reconhecidos. Mas a miss\u00e3o do Instituto n\u00e3o parou por a\u00ed: ao perceber a vulnerabilidade dos idosos da regi\u00e3o, foram criadas a\u00e7\u00f5es para promover assist\u00eancia m\u00e9dica, odontol\u00f3gica, fisioterapia e inclus\u00e3o social, proporcionando-lhes qualidade de vida e dignidade.<\/p><p data-start=\"1083\" data-end=\"1490\">Diante da crescente demanda e da necessidade de estrutura, o projeto informal transformou-se no <strong data-start=\"1179\" data-end=\"1260\">Instituto de Desenvolvimento Esportivo e Social do Sert\u00e3o Alagoano (INDESSAL)<\/strong>. O impacto foi t\u00e3o significativo que, alguns anos depois, a atua\u00e7\u00e3o foi ampliada e o nome passou a ser <strong data-start=\"1364\" data-end=\"1390\">Instituto SOS Caatinga<\/strong>, refletindo a preocupa\u00e7\u00e3o n\u00e3o apenas com as pessoas, mas tamb\u00e9m com o meio ambiente em que vivem.<\/p><p data-start=\"1492\" data-end=\"1892\">Hoje, o Instituto atua em diversas frentes, promovendo educa\u00e7\u00e3o, esporte, inclus\u00e3o social e sustentabilidade no sert\u00e3o nordestino. Seu compromisso \u00e9 fortalecer comunidades, resgatar sonhos e preservar a Caatinga, um bioma \u00fanico e fundamental para a biodiversidade brasileira. Com parcerias estrat\u00e9gicas, o trabalho se expande, alcan\u00e7ando cada vez mais pessoas que precisam de apoio e oportunidades.<\/p>\t\t\t\t\t\t\t\t<\/div>\n\t\t\t\t<\/div>\n\t\t\t\t\t<\/div>\n\t\t<\/div>\n\t\t\t\t\t<\/div>\n\t\t<\/section>\n\t\t<div class=\"elementor-element elementor-element-19b937b e-flex e-con-boxed e-con e-parent\" data-id=\"19b937b\" data-element_type=\"container\" data-e-type=\"container\">\n\t\t\t\t\t<div class=\"e-con-inner\">\n\t\t\t\t<div class=\"elementor-element elementor-element-ab38e6d elementor-widget elementor-widget-eael-adv-tabs\" data-id=\"ab38e6d\" data-element_type=\"widget\" data-e-type=\"widget\" data-widget_type=\"eael-adv-tabs.default\">\n\t\t\t\t<div class=\"elementor-widget-container\">\n\t\t\t\t\t        <div data-scroll-on-click=\"no\" data-scroll-speed=\"300\" id=\"eael-advance-tabs-ab38e6d\" class=\"eael-advance-tabs eael-tabs-horizontal eael-tab-auto-active \" data-tabid=\"ab38e6d\">\n            <div class=\"eael-tabs-nav \">\n                <ul class=\"eael-tab-inline-icon\" role=\"tablist\">\n                                            <li id=\"anos-2000\" class=\"inactive eael-tab-item-trigger eael-tab-nav-item\" aria-selected=\"true\" data-tab=\"1\" role=\"tab\" tabindex=\"0\" aria-controls=\"anos-2000-tab\" aria-expanded=\"false\">\n                                                            <span class=\"eael-tab-title title-before-icon\" >Anos 2000<\/span>                            \n                                                                <svg class=\"e-font-icon-svg e-fas-calendar-week\" viewBox=\"0 0 448 512\" xmlns=\"http:\/\/www.w3.org\/2000\/svg\"><path d=\"M0 464c0 26.5 21.5 48 48 48h352c26.5 0 48-21.5 48-48V192H0v272zm64-192c0-8.8 7.2-16 16-16h288c8.8 0 16 7.2 16 16v64c0 8.8-7.2 16-16 16H80c-8.8 0-16-7.2-16-16v-64zM400 64h-48V16c0-8.8-7.2-16-16-16h-32c-8.8 0-16 7.2-16 16v48H160V16c0-8.8-7.2-16-16-16h-32c-8.8 0-16 7.2-16 16v48H48C21.5 64 0 85.5 0 112v48h448v-48c0-26.5-21.5-48-48-48z\"><\/path><\/svg>                                                            \n                            \n                                                    <\/li>\n                                            <li id=\"anos-2010\" class=\"inactive eael-tab-item-trigger eael-tab-nav-item\" aria-selected=\"false\" data-tab=\"2\" role=\"tab\" tabindex=\"-1\" aria-controls=\"anos-2010-tab\" aria-expanded=\"false\">\n                                                            <span class=\"eael-tab-title title-before-icon\" >Anos 2010<\/span>                            \n                                                                <svg class=\"e-font-icon-svg e-fas-calendar-week\" viewBox=\"0 0 448 512\" xmlns=\"http:\/\/www.w3.org\/2000\/svg\"><path d=\"M0 464c0 26.5 21.5 48 48 48h352c26.5 0 48-21.5 48-48V192H0v272zm64-192c0-8.8 7.2-16 16-16h288c8.8 0 16 7.2 16 16v64c0 8.8-7.2 16-16 16H80c-8.8 0-16-7.2-16-16v-64zM400 64h-48V16c0-8.8-7.2-16-16-16h-32c-8.8 0-16 7.2-16 16v48H160V16c0-8.8-7.2-16-16-16h-32c-8.8 0-16 7.2-16 16v48H48C21.5 64 0 85.5 0 112v48h448v-48c0-26.5-21.5-48-48-48z\"><\/path><\/svg>                                                            \n                            \n                                                    <\/li>\n                                            <li id=\"anos-2020\" class=\"inactive eael-tab-item-trigger eael-tab-nav-item\" aria-selected=\"false\" data-tab=\"3\" role=\"tab\" tabindex=\"-1\" aria-controls=\"anos-2020-tab\" aria-expanded=\"false\">\n                                                            <span class=\"eael-tab-title title-before-icon\" >Anos 2020<\/span>                            \n                                                                <svg class=\"e-font-icon-svg e-fas-calendar-minus\" viewBox=\"0 0 448 512\" xmlns=\"http:\/\/www.w3.org\/2000\/svg\"><path d=\"M436 160H12c-6.6 0-12-5.4-12-12v-36c0-26.5 21.5-48 48-48h48V12c0-6.6 5.4-12 12-12h40c6.6 0 12 5.4 12 12v52h128V12c0-6.6 5.4-12 12-12h40c6.6 0 12 5.4 12 12v52h48c26.5 0 48 21.5 48 48v36c0 6.6-5.4 12-12 12zM12 192h424c6.6 0 12 5.4 12 12v260c0 26.5-21.5 48-48 48H48c-26.5 0-48-21.5-48-48V204c0-6.6 5.4-12 12-12zm304 192c6.6 0 12-5.4 12-12v-40c0-6.6-5.4-12-12-12H132c-6.6 0-12 5.4-12 12v40c0 6.6 5.4 12 12 12h184z\"><\/path><\/svg>                                                            \n                            \n                                                    <\/li>\n                    \n                                  <\/ul>\n            <\/div>\n            \n            <div class=\"eael-tabs-content\">\n\t\t        \n                    <div id=\"anos-2000-tab\" class=\"clearfix eael-tab-content-item inactive\" data-title-link=\"anos-2000-tab\">\n\t\t\t\t        <p>Desde sua funda\u00e7\u00e3o em <strong>2004<\/strong>, o <strong>Instituto SOS Caatinga<\/strong> tem atuado para transformar realidades e preservar o bioma \u00fanico da Caatinga. Inicialmente focado em a\u00e7\u00f5es sociais, o Instituto rapidamente expandiu suas iniciativas, tornando-se uma refer\u00eancia na promo\u00e7\u00e3o da educa\u00e7\u00e3o ambiental e conserva\u00e7\u00e3o da biodiversidade.<\/p><p>Em <strong>2007<\/strong>, conquistamos o reconhecimento de <strong>Utilidade P\u00fablica Estadual<\/strong>, consolidando nosso compromisso com a sustentabilidade. Nessa fase, intensificamos as atividades de <strong>educa\u00e7\u00e3o ambiental nas escolas<\/strong> e passamos a atuar no <strong>resgate e reabilita\u00e7\u00e3o da fauna silvestre<\/strong>, garantindo melhores condi\u00e7\u00f5es para esp\u00e9cies amea\u00e7adas.<\/p>                    <\/div>\n\t\t        \n                    <div id=\"anos-2010-tab\" class=\"clearfix eael-tab-content-item inactive\" data-title-link=\"anos-2010-tab\">\n\t\t\t\t        <p>A partir de <strong>2016<\/strong>, aprofundamos nossas a\u00e7\u00f5es dentro do bioma, promovendo <strong>atividades imersivas na Caatinga<\/strong>, permitindo que pessoas de diversas \u00e1reas conhecessem sua riqueza ecol\u00f3gica e a import\u00e2ncia de sua preserva\u00e7\u00e3o. Esse trabalho fortaleceu nossa presen\u00e7a na regi\u00e3o e ampliou o impacto das nossas iniciativas.<\/p><p>Em <strong>2018<\/strong> O Conselho Nacional da Biosfera da Caatinga concede o t\u00edtulo de reconhecimento do Primeiro Posto<br \/>Avan\u00e7ado da Reserva da Biosfera da Caatinga de Alagoas, \u201c<strong>UNESCO<\/strong>\u201d Ao Instituto SOS Caatinga.<\/p>                    <\/div>\n\t\t        \n                    <div id=\"anos-2020-tab\" class=\"clearfix eael-tab-content-item inactive\" data-title-link=\"anos-2020-tab\">\n\t\t\t\t        <div class=\"flex max-w-full flex-col flex-grow\"><div class=\"min-h-8 text-message relative flex w-full flex-col items-end gap-2 whitespace-normal break-words text-start [.text-message+&amp;]:mt-5\"><div class=\"flex w-full flex-col gap-1 empty:hidden first:pt-[3px]\"><div class=\"markdown prose w-full break-words dark:prose-invert light\"><p>Em <strong>2024<\/strong>, seguimos ampliando nossas iniciativas conservacionistas com a\u00e7\u00f5es estrat\u00e9gicas de grande impacto. Destacamos a <strong>cria\u00e7\u00e3o do Plano de A\u00e7\u00e3o Estadual (PAE) para a conserva\u00e7\u00e3o do macaco-prego-galego<\/strong>, em parceria com a <strong>Universidade Federal de Pernambuco (UFPE)<\/strong>, fortalecendo os esfor\u00e7os para a prote\u00e7\u00e3o dessa esp\u00e9cie amea\u00e7ada.<\/p><p>Al\u00e9m disso, avan\u00e7amos na <strong>cria\u00e7\u00e3o de uma Reserva Particular do Patrim\u00f4nio Natural (RPPN)<\/strong>, com o apoio do <strong>Instituto do Meio Ambiente de Alagoas (IMA)<\/strong>, garantindo a preserva\u00e7\u00e3o de \u00e1reas essenciais da Caatinga.<\/p><p>Outro marco importante foi o in\u00edcio da constru\u00e7\u00e3o do <strong>1\u00ba Centro Cient\u00edfico da Caatinga<\/strong>, um espa\u00e7o dedicado \u00e0 pesquisa e ao desenvolvimento de solu\u00e7\u00f5es inovadoras para a conserva\u00e7\u00e3o do bioma.<\/p><p>Atualmente, o <strong>Instituto SOS Caatinga<\/strong> integra inst\u00e2ncias estrat\u00e9gicas de governan\u00e7a ambiental, como o <strong>Conselho Estadual de Prote\u00e7\u00e3o Ambiental (CEPRAM)<\/strong> e o <strong>Comit\u00ea de Bacia da Regi\u00e3o Hidrogr\u00e1fica Sert\u00e3o do S\u00e3o Francisco (CBRHSSF)<\/strong>, contribuindo ativamente para a formula\u00e7\u00e3o de pol\u00edticas p\u00fablicas voltadas \u00e0 sustentabilidade.<\/p><\/div><\/div><\/div><\/div>                    <\/div>\n\t\t                    <\/div>\n        <\/div>\n\t\t\t\t<\/div>\n\t\t\t\t<\/div>\n\t\t\t\t\t<\/div>\n\t\t\t\t<\/div>\n\t\t\t\t<\/div>\n\t\t","protected":false},"excerpt":{"rendered":"<p>Hist\u00f3ria Descubra como atuamos para proteger a Caatinga e promover a sustentabilidade. Nossa Hist\u00f3ria Por que voc\u00ea vai nos amar O Instituto SOS Caatinga nasceu do sonho de Marcos Ant\u00f4nio Bezerra Ara\u00fajo, que, ao se mudar para o sert\u00e3o de Alagoas, percebeu o enorme potencial de crian\u00e7as e jovens da regi\u00e3o, muitas vezes sem oportunidades [&hellip;]<\/p>\n","protected":false},"author":2,"featured_media":0,"parent":0,"menu_order":0,"comment_status":"closed","ping_status":"closed","template":"elementor_header_footer","meta":{"footnotes":""},"class_list":["post-1413","page","type-page","status-publish","hentry"],"_links":{"self":[{"href":"https:\/\/institutososcaatinga.com.br\/2025\/wp-json\/wp\/v2\/pages\/1413","targetHints":{"allow":["GET"]}}],"collection":[{"href":"https:\/\/institutososcaatinga.com.br\/2025\/wp-json\/wp\/v2\/pages"}],"about":[{"href":"https:\/\/institutososcaatinga.com.br\/2025\/wp-json\/wp\/v2\/types\/page"}],"author":[{"embeddable":true,"href":"https:\/\/institutososcaatinga.com.br\/2025\/wp-json\/wp\/v2\/users\/2"}],"replies":[{"embeddable":true,"href":"https:\/\/institutososcaatinga.com.br\/2025\/wp-json\/wp\/v2\/comments?post=1413"}],"version-history":[{"count":37,"href":"https:\/\/institutososcaatinga.com.br\/2025\/wp-json\/wp\/v2\/pages\/1413\/revisions"}],"predecessor-version":[{"id":2198,"href":"https:\/\/institutososcaatinga.com.br\/2025\/wp-json\/wp\/v2\/pages\/1413\/revisions\/2198"}],"wp:attachment":[{"href":"https:\/\/institutososcaatinga.com.br\/2025\/wp-json\/wp\/v2\/media?parent=1413"}],"curies":[{"name":"wp","href":"https:\/\/api.w.org\/{rel}","templated":true}]}}